True
Let w be 2 - 4/(-6)*3. Let s be w/(-14) - (-232)/28. Suppose s*z - 140 = 3*z. Is 11 a factor of z?
False
Suppose 38 + 17 = s. Let v = s - 21. Is v a multiple of 34?
True
Suppose 4*l - 13 = 3*l - 2*a, 2*a = -5*l + 33. Suppose 5*u - 15 = -3*k, -4*k - 5*u = -2*k - 15. Suppose l*o = -k*o + 80. Does 6 divide o?
False
Suppose 5*t + 5 = 5*z, 0 = 2*t + z - 6 - 4. Let w be (t - 3)/(-1 + -1). Suppose w = 3*r - 72 - 0. Is 12 a factor of r?
True
Let i(t) = -2 + 4*t**2 + 5 + 0*t**2 - 3*t**2. Let a be i(0). Let d = a + 5. Is 3 a factor of d?
False
Suppose c = 2*k - 12, 4*k = c - 5*c. Does 3 divide 2/((-8)/c)*12?
True
Let v = -5 + 14. Suppose -f = -0 - v. Does 6 divide f?
False
Suppose 4*c - 182 = -2*f, -2*f - f - 71 = -2*c. Is c a multiple of 13?
False
Let f(h) = h**3 + 2*h**2 - 3*h + 1. Let j be f(-3). Let y be (-2)/(-1 - -3*j). Does 2 divide y + (4 - 2) + 2?
False
Let b(h) = h**2 - 7*h + 6. Let g be b(10). Let v be -2 - (-2 - -1) - -16. Is 5 a factor of -5*(g/v)/(-2)?
False
Does 23 divide 115/15*(7 - -2)?
True
Let o be 20/6 + 1/(-3). Suppose 119 = -s + 4*s + 4*v, v = -3*s + 131. Suppose -o*d + s = 9. Is 11 a factor of d?
False
Let j = 10 + -7. Suppose k + j*k = 40. Does 8 divide k?
False
Let l = 0 + -40. Let x(s) = -5*s**2 + 5*s - 4. Let v be x(4). Let a = l - v. Is 12 a factor of a?
True
Suppose 0 = 3*k - 103 + 4. Let r = k - -13. Is r a multiple of 18?
False
Suppose -4*p + 576 - 16 = 0. Suppose 2*u + u - 205 = 5*x, 2*u - 4*x = p. Is 30 a factor of u?
True
Let s = -247 - -347. Is 12 a factor of s?
False
Let r(l) = 19*l**2 + l. Let o be r(1). Is 15 a factor of (15/o)/(2/40)?
True
Suppose 26 = -3*z + 5*z. Let k = 33 - z. Does 11 divide k?
False
Suppose -6*p + 4*p = 2*k - 64, 4*p = 4*k + 152. Is p a multiple of 7?
True
Suppose 0 = 4*q - 5*q + 71. Does 36 divide q?
False
Let h(k) = -k**3 - 5. Let f be h(0). Let i = f - -9. Suppose -i*y = -3*y - 4. Does 2 divide y?
True
Is 11 a factor of ((-3)/(-6) - 4)/((-1)/38)?
False
Let u(c) = 39*c + 4. Let l be u(3). Let d = l - 73. Suppose d = b + 3*b. Does 12 divide b?
True
Let l be 2*1/2 - -19. Let y be 12/28 + (-12)/28. Let o = l - y. Does 20 divide o?
True
Let n = 152 + -122. Does 6 divide n?
True
Let m(x) = 5*x. Let b(v) = -v - 2. Let k be b(-1). Let c be m(k). Is 10 a factor of (-86)/c + (-1)/5?
False
Suppose -115 = 2*k + 3*k. Let x = 95 + k. Is 35 a factor of x?
False
Let a = -35 - -21. Does 2 divide 1*2/((-4)/a)?
False
Suppose -s + 0*s + 44 = 0. Is s a multiple of 13?
False
Let q be 4/(-6) - (-30)/18. Is q + 48 + 1/(-1) a multiple of 20?
False
Let k = 34 + -23. Let u = 23 - k. Is u a multiple of 6?
True
Suppose -2*u = -3*u + 27. Is 13 a factor of u?
False
Suppose 0 + 12 = -3*x. Let t(b) = -b - 5. Let j be t(x). Does 12 divide j/(1*(-3)/36)?
True
Let g = -6 + 44. Let y = g + -7. Is 18 a factor of y?
False
Let z(l) = -l**2 - 20*l + 21. Is 20 a factor of z(-19)?
True
Let d be (2 + 0)/((-8)/28). Let m(l) = 2*l + 3. Let a be m(d). Let q = 19 + a. Does 3 divide q?
False
Suppose -52 = 2*a + 4. Suppose 2*q + 164 = -2*q. Let f = a - q. Does 13 divide f?
True
Let i be (-8)/(9/2 - 4). Is 2/i + 1365/104 a multiple of 11?
False
Suppose 6*s - s - 15 = 0. Is (-2)/s + (-68)/(-3) a multiple of 11?
True
Suppose -3*n = -n. Is 6 a factor of n - 3 - (-63)/3?
True
Suppose 3*y - 39 = -18. Is y a multiple of 5?
False
Let m be (-2)/(-3)*(-6)/4. Does 14 divide (m + 10/(-8))*-8?
False
Suppose 12 = -0*x + 2*x - 4*d, -3*x - 4*d = 2. Suppose -5*k + 87 = x*c - 2*k, -4*k = 4. Does 9 divide c?
True
Let j(h) = h**3 + 5*h**2 - 3*h + 2. Suppose 4*y - 3*y + 11 = -3*w, -w = 5*y + 13. Let r be j(w). Is (-6 + r)*(1 - 0) a multiple of 10?
False
Suppose 3*g - 24 = g + 4*j, 0 = 5*g + 4*j - 32. Suppose -5*r - 5*i + g = -2, i = -4*r + 2. Suppose r = 5*a - 2*a - 204. Is 19 a factor of a?
False
Let r(m) = -22*m. Let c be r(-2). Suppose -2*s - 8*w + c = -3*w, 0 = s - 5*w - 22. Is s a multiple of 11?
True
Let v(y) = -y**2 + 6*y - 6. Suppose 2*d - 9 = -d - t, 2*t = -5*d + 14. Is 2 a factor of v(d)?
True
Let s be 1/2*6*1. Let i(o) be the second derivative of o**3/6 + 2*o**2 + 4*o. Is i(s) a multiple of 7?
True
Let j(s) = -s**3 + 14*s**2 - 11*s - 18. Let l be j(13). Is 2*(-26)/l*-2 a multiple of 9?
False
Let v be -1 - (1 - (-96)/(-4)). Suppose 3*a - v - 8 = 0. Is a a multiple of 9?
False
Let g = -6 - -11. Let p(s) = s**2 - 7*s + 4. Let b be p(g). Is 19 a factor of 1 + 3/(b/(-58))?
False
Let t(y) = -y**2 + 5*y + 5. Let n be t(6). Is 7 a factor of (n/(-2))/(5/90)?
False
Suppose -5*o + 181 = 1. Suppose -5*j + c - 10 = -o, 5*c - 10 = -3*j. Is j a multiple of 2?
False
Let t(a) = -a**3 - 3*a**2 + a + 2. Let b be t(-2). Is 4 + (1 + -293)/b a multiple of 11?
True
Let m(x) = -x**2 + 5*x + 1. Let u be m(4). Suppose -u*r = -38 - 132. Is 17 a factor of r?
True
Let p(t) = t**2 + 6*t - 5. Let a be p(-7). Let z be ((-3)/a)/((-1)/2). Does 2 divide (-2 + -1)*(-5)/z?
False
Suppose -5*b = -10*b + 225. Is 15 a factor of b?
True
Let r(u) = -u**2 + 8*u + 12. Let m be r(9). Suppose b + m - 43 = 0. Is b a multiple of 20?
True
Suppose -2*x = 2*x - h + 27, -2*x = 3*h + 31. Let q = x + 26. Does 4 divide q?
False
Suppose 4*l - 6*l = 2. Let v be l + (-9 + 3)/(-2). Suppose -3*y + 82 = 5*x, 3*x - 41 = -v*y + 9. Is 6 a factor of x?
False
Suppose 3*w - j = -0*w + 66, w - 33 = 4*j. Is 12 a factor of w?
False
Suppose 0 = -2*y + 13 + 19. Does 3 divide (-176)/(-18) + y/72?
False
Suppose -2*h + 7*h - 520 = 5*p, 5*h - 520 = 2*p. Does 13 divide h?
True
Let u be 24/5*40/12. Suppose -u = -l + 2. Is 18 a factor of l?
True
Let n(p) = p**3 + 7*p**2 - 9*p - 1. Let z be n(-8). Let t be (6/9)/(2/3). Let d = z + t. Is d a multiple of 3?
False
Let u(q) = -q**3 + 4*q**2 + q - 2. Let h be u(4). Let s = -7 + 5. Does 17 divide h + s + 33 + 0?
False
Let i(j) = -18*j + 3. Is i(-2) a multiple of 28?
False
Let f = -176 + 266. Suppose 0 = -3*r + f + 12. Is 17 a factor of r?
True
Let k be (-1 - 0 - 5)*-1. Suppose 4*d = 2*d + k. Suppose -d*o + 7 = -2. Is o a multiple of 3?
True
Let d(i) be the second derivative of i**6/120 + i**5/15 - i**4/6 - 5*i**3/6 + i**2 + 3*i. Let p(q) be the first derivative of d(q). Does 5 divide p(-4)?
False
Does 14 divide ((-14)/(-6))/(4/72)?
True
Suppose 4*p - 184 = -2*t, -t + 108 = 2*p - 4*t. Suppose h + p = 4*h. Does 14 divide h?
False
Let w be 2 + -3 + (8 - 6). Suppose -3*o + 30 = z, -4*z - w = o - 176. Does 16 divide z?
False
Suppose -6*n = -n + 2*d + 39, 2*n + 12 = -2*d. Is (n/(-6))/((-3)/(-8)) a multiple of 2?
True
Let w(a) = a - 2 + 5*a**3 + 0*a - 4*a**3 + 2*a**3. Let c(y) = -y**3 - 6*y**2 + 6*y - 5. Let d be c(-7). Is w(d) a multiple of 18?
False
Let b = -7 + 13. Suppose -b*l + 60 = -l. Is l a multiple of 12?
True
Suppose 5*q - q - 40 = -w, 4*w = 2*q + 178. Is w a multiple of 5?
False
Suppose 5*j - 4 = -3*d, 14 = -2*d + 3*j + 2*j. Let o be 27/d*12/(-9). Let s = 30 - o. Does 6 divide s?
True
Suppose 0 - 4 = -3*q - 4*u, 5*q + 4*u = 12. Suppose q*k - 2*k - 12 = 0. Does 5 divide k?
False
Suppose -g = 2*g. Suppose g = -c + 2*c - 61. Suppose -4*l + c = -11. Does 9 divide l?
True
Suppose -1 = 5*x - 11, 4*y - x - 46 = 0. Suppose 4*g - 36 = -y. Suppose 4*o - g*o + 16 = 0. Is 8 a factor of o?
True
Let b = 3 + 55. Let v = b - 31. Is v a multiple of 11?
False
Let p = 2 - -12. Let f = p + 2. Is f a multiple of 16?
True
Let d = -19 + 10. Let k(y) = -2*y - 11. Is k(d) a multiple of 4?
False
Let r(p) = -p - 6. Let k be r(-5). Let f be 0/(-1) - 0/k. Suppose -2*c - 2*c + 96 = f. Is 12 a factor of c?
True
Let m(r) = -r**3 - 6*r**2 - 4*r + 2. Let d be m(-6). Suppose 4*u - d = -c, 4*u + 15 = -1. Is ((-12)/(-9))/(4/c) a multiple of 14?
True
Let s be (-1855)/(-14) + 1/(-2). Suppose 6*d = 9*d - s. Does 11 divide d?
True
Suppose -12 = -5*p + 4*p. Is 4 a factor of p?
True
Let y(p) = -39*p + 1. Is 9 a factor of y(-1)?
False
Let y be (-2)/7 + 16/7. Suppose 0 = -2*i - i + 42. Does 14 divide y/7 - (-388)/i?
True
Suppose -5*q - 7 - 46 = -3*j, -5*j = -q - 81. Is 7 a factor of j?
False
Suppose -2*c + 6 = 64. Let g = c + 83. Is 18 a factor of g?
True
Let q(n) = -8*n. Let b be -2 + 1 + -1 + 13. Let i(t) = t**3 - 10*t**2 - 11*t - 2. Let f be i(b). Is q(f) a multiple of 8?
True
Let k be 16/4*(0 + 1). Let n be (6/k)/(15/(-20)). Is 12 a factor of -36*(8/6 + n)?
True
Let k(s) = -s**2 - 9*s - 3. Let x be k(-7). Suppos